{"id":183,"date":"2008-12-29T23:08:52","date_gmt":"2008-12-29T22:08:52","guid":{"rendered":"http:\/\/runningsocks.hobby-site.com\/wordpress\/?page_id=183"},"modified":"2016-10-09T23:09:48","modified_gmt":"2016-10-09T21:09:48","slug":"runners-point","status":"publish","type":"page","link":"https:\/\/www.runningsocks.de\/wordpress\/runners-point\/","title":{"rendered":"Runner&#8217;s Point"},"content":{"rendered":"<p>Views: 146<\/p><p><span style=\"font-size: larger;\"><span style=\"text-decoration: underline;\"><strong>Allgemeines<\/strong><\/span><\/span><\/p>\n<p>Auf dieser Seite werde ich einige Trainingspl\u00e4ne f\u00fcr Halbmarathon\u00a0 vorstellen, die mir selber schon beim Erreichen mancher Ziele geholfen haben. Die Informationen dieser Pl\u00e4ne kommen aus den Quellen Fachliteratur, Bekanntenkreis und Internet.<\/p>\n<p>Die Pl\u00e4ne richten sich an einigerma\u00dfen trainierte Hobbysportler, die regelm\u00e4\u00dfig Sport treiben (Wochenumfang) in Form von Laufen (ca. 15-25Km), oder Radfahren (ca. 50-75Km), oder Schwimmen ( 1-2h), bzw. Fussball spielen (Verein, 4 Std \/ Wo) und somit eine gewisse Grundkondition besitzen. F\u00fcr reine Laufanf\u00e4nger sind diese Pl\u00e4ne nicht geeignet !!<\/p>\n<p>Beginnen werde ich mit Trainingspl\u00e4nen f\u00fcr Halbmarathon f\u00fcr den Zielbereich 1:40h \u2013 1:21h. Die Pl\u00e4ne stehen im PDF Format oder im Open Office Format zur Verf\u00fcgung.<\/p>\n<p>Die entsprechende Software zur Betrachtung der PDF Dateien soiwe der Tabellen kann hier heruntergeladen werden:<\/p>\n<p><a href=\"http:\/\/www.foxitsoftware.com\/pdf\/rd_intro.php\" target=\"_blank\"><img loading=\"lazy\" decoding=\"async\" src=\"https:\/\/www.runningsocks.de\/wordpress\/wp-content\/uploads\/image\/foxit_logo.gif\" alt=\"\" width=\"141\" height=\"45\" \/><\/a> <a href=\"http:\/\/www.adobe.com\/de\/products\/reader\/\" target=\"_blank\"><img loading=\"lazy\" decoding=\"async\" src=\"https:\/\/www.runningsocks.de\/wordpress\/wp-content\/uploads\/image\/get_adobe_reader.gif\" alt=\"\" width=\"112\" height=\"33\" \/><\/a> <a href=\"http:\/\/de.openoffice.org\/\" target=\"_blank\"><img loading=\"lazy\" decoding=\"async\" src=\"https:\/\/www.runningsocks.de\/wordpress\/wp-content\/uploads\/image\/200px-OpenOfficeLogo_svg.png\" alt=\"\" width=\"150\" height=\"45\" \/><\/a><\/p>\n<p>\u25ba <a href=\"https:\/\/www.runningsocks.de\/wordpress\/runners-point\/begriffe-erlauterungen-fur-die-trainingsplane\" target=\"_blank\">Begriffe, Erl\u00e4uterungen, Zeittabellen zu den Trainingspl\u00e4nen<\/a><\/p>\n<p>\u25ba <a href=\"https:\/\/www.runningsocks.de\/wordpress\/runners-point\/trainingsplane-10km\" target=\"_blank\">Trainingspl\u00e4ne 10Km <\/a><\/p>\n<p>\u25ba <a title=\"Trainingspl\u00e4ne Halbmarathon\" href=\"https:\/\/www.runningsocks.de\/wordpress\/runners-point\/trainingsplane-halbmarathon\/\" target=\"_blank\">Trainingspl\u00e4ne Halbmarathon<\/a><\/p>\n<p>\u25ba <a href=\"https:\/\/www.runningsocks.de\/wordpress\/runners-point\/trainingsplane-marathon\" target=\"_blank\">Trainingspl\u00e4ne Marathon<\/a><\/p>\n<p>\u25ba <a href=\"https:\/\/www.runningsocks.de\/wordpress\/runners-point\/wettkampfubersicht\" target=\"_blank\">Platzierungen des Teams Running SUN<\/a><\/p>\n<p>\u25ba <a href=\"https:\/\/www.runningsocks.de\/wordpress\/runners-point\/einzelergebnisse\/\" target=\"_blank\">Alle Ergebnislisten<\/a><\/p>\n<p>Auf den folgenden Seiten werden Berichte und Kommentare zu Lauf-, Triathlon-, und Duathlon Wettbewerben, an denen Freunde, Bekannte oder ich selber teilgenommen haben, bereitgestellt. Die Berichte sind \u00fcber die rechte Seitenleiste, Kategorie &#8222;Bericht&#8220; erreichbar.<\/p>\n<div id=\"_mcePaste\" style=\"position: absolute; left: -10000px; top: 0px; width: 1px; height: 1px; overflow: hidden;\">2010_PH_FJL_W5K6<\/div>\n","protected":false},"excerpt":{"rendered":"<p>Views: 146Allgemeines Auf dieser Seite werde ich einige Trainingspl\u00e4ne f\u00fcr Halbmarathon\u00a0 vorstellen, die mir selber schon beim Erreichen mancher Ziele geholfen haben. Die Informationen dieser Pl\u00e4ne kommen aus den Quellen Fachliteratur, Bekanntenkreis und Internet. Die Pl\u00e4ne richten sich an einigerma\u00dfen trainierte Hobbysportler, die regelm\u00e4\u00dfig Sport treiben (Wochenumfang) in Form von Laufen (ca. 15-25Km), oder Radfahren <a href='https:\/\/www.runningsocks.de\/wordpress\/runners-point\/' class='excerpt-more'>[&#8230;]<\/a><\/p>\n","protected":false},"author":2,"featured_media":0,"parent":0,"menu_order":4,"comment_status":"closed","ping_status":"closed","template":"","meta":{"footnotes":""},"class_list":["post-183","page","type-page","status-publish","hentry","category-1-id","post-seq-1","post-parity-odd","meta-position-corners","fix"],"_links":{"self":[{"href":"https:\/\/www.runningsocks.de\/wordpress\/wp-json\/wp\/v2\/pages\/183","targetHints":{"allow":["GET"]}}],"collection":[{"href":"https:\/\/www.runningsocks.de\/wordpress\/wp-json\/wp\/v2\/pages"}],"about":[{"href":"https:\/\/www.runningsocks.de\/wordpress\/wp-json\/wp\/v2\/types\/page"}],"author":[{"embeddable":true,"href":"https:\/\/www.runningsocks.de\/wordpress\/wp-json\/wp\/v2\/users\/2"}],"replies":[{"embeddable":true,"href":"https:\/\/www.runningsocks.de\/wordpress\/wp-json\/wp\/v2\/comments?post=183"}],"version-history":[{"count":7,"href":"https:\/\/www.runningsocks.de\/wordpress\/wp-json\/wp\/v2\/pages\/183\/revisions"}],"predecessor-version":[{"id":3371,"href":"https:\/\/www.runningsocks.de\/wordpress\/wp-json\/wp\/v2\/pages\/183\/revisions\/3371"}],"wp:attachment":[{"href":"https:\/\/www.runningsocks.de\/wordpress\/wp-json\/wp\/v2\/media?parent=183"}],"curies":[{"name":"wp","href":"https:\/\/api.w.org\/{rel}","templated":true}]}}